{"id":1462,"date":"2021-09-27T10:00:59","date_gmt":"2021-09-27T08:00:59","guid":{"rendered":"http:\/\/uioyqmq.cluster028.hosting.ovh.net\/?page_id=1462"},"modified":"2026-04-08T20:29:51","modified_gmt":"2026-04-08T18:29:51","slug":"enfance-et-jeunesse","status":"publish","type":"page","link":"https:\/\/www.rouesse-vasse.fr\/index.php\/enfance-et-jeunesse\/","title":{"rendered":"Enfance et Jeunesse"},"content":{"rendered":"\t\t<div data-elementor-type=\"wp-page\" data-elementor-id=\"1462\" class=\"elementor elementor-1462\" data-elementor-settings=\"[]\">\n\t\t\t\t\t\t<div class=\"elementor-inner\">\n\t\t\t\t\t\t\t<div class=\"elementor-section-wrap\">\n\t\t\t\t\t\t\t<section class=\"elementor-section elementor-top-section elementor-element elementor-element-ee0e7ec elementor-section-boxed elementor-section-height-default elementor-section-height-default\" data-id=\"ee0e7ec\" data-element_type=\"section\">\n\t\t\t\t\t\t<div class=\"elementor-container elementor-column-gap-default\">\n\t\t\t\t\t\t\t<div class=\"elementor-row\">\n\t\t\t\t\t<div class=\"elementor-column elementor-col-50 elementor-top-column elementor-element elementor-element-2e26314\" data-id=\"2e26314\" data-element_type=\"column\">\n\t\t\t<div class=\"elementor-column-wrap elementor-element-populated\">\n\t\t\t\t\t\t\t<div class=\"elementor-widget-wrap\">\n\t\t\t\t\t\t<div class=\"elementor-element elementor-element-ad5bf56 elementor-widget elementor-widget-heading\" data-id=\"ad5bf56\" data-element_type=\"widget\" data-widget_type=\"heading.default\">\n\t\t\t\t<div class=\"elementor-widget-container\">\n\t\t\t<h1 class=\"elementor-heading-title elementor-size-default\">Enfance et Jeunesse<\/h1>\t\t<\/div>\n\t\t\t\t<\/div>\n\t\t\t\t<div class=\"elementor-element elementor-element-a98f4f4 elementor-widget elementor-widget-text-editor\" data-id=\"a98f4f4\" data-element_type=\"widget\" data-widget_type=\"text-editor.default\">\n\t\t\t\t<div class=\"elementor-widget-container\">\n\t\t\t\t\t<div class=\"elementor-text-editor elementor-clearfix\"><div id=\"comp-jf8b0du2\" class=\"_1Q9if\" data-testid=\"richTextElement\"><h3><strong>L&rsquo;\u00e9cole<\/strong><\/h3><p class=\"font_9\">Situ\u00e9e 8, Chemin de l\u2019\u00e9cole, elle doit son nom \u00e0 M. Grippon ancien maire de Rouess\u00e9-Vass\u00e9 qui d\u00e9cida en 1833 d\u2019acheter les b\u00e2timents pour en faire l\u2019\u00e9cole communale.<\/p><p class=\"font_9\">L\u2019\u00e9cole publique de Rouess\u00e9-Vass\u00e9 accueille 31 enfants r\u00e9partis dans 2 classes.<\/p><\/div><p>Pour cette ann\u00e9e scolaire 2025-2026, l\u2019\u00e9cole accueille les\u00a0Moyennes Sections &#8211; CP\u00a0et les\u00a0CM1 &#8211; CM2.<\/p><div id=\"comp-jf8b0du2\" class=\"_1Q9if\" data-testid=\"richTextElement\"><p class=\"font_9\">Les\u00a0PS &#8211; GS\u00a0et\u00a0CE1 &#8211; CE2\u00a0sont accueillis dans les 2 classes de l\u2019\u00e9cole primaire de PARENNES, dans le cadre du RPI (Regroupement P\u00e9dagogique Intercommunal) mis en place \u00e0 la rentr\u00e9e 2023.<\/p><\/div><\/div>\n\t\t\t\t<\/div>\n\t\t\t\t<\/div>\n\t\t\t\t\t\t<\/div>\n\t\t\t\t\t<\/div>\n\t\t<\/div>\n\t\t\t\t<div class=\"elementor-column elementor-col-50 elementor-top-column elementor-element elementor-element-3439506\" data-id=\"3439506\" data-element_type=\"column\">\n\t\t\t<div class=\"elementor-column-wrap elementor-element-populated\">\n\t\t\t\t\t\t\t<div class=\"elementor-widget-wrap\">\n\t\t\t\t\t\t<div class=\"elementor-element elementor-element-dbd914b elementor-skin-slideshow elementor-aspect-ratio-219 elementor-arrows-yes elementor-widget elementor-widget-media-carousel\" data-id=\"dbd914b\" data-element_type=\"widget\" data-settings=\"{&quot;skin&quot;:&quot;slideshow&quot;,&quot;effect&quot;:&quot;slide&quot;,&quot;show_arrows&quot;:&quot;yes&quot;,&quot;speed&quot;:500,&quot;autoplay&quot;:&quot;yes&quot;,&quot;autoplay_speed&quot;:5000,&quot;loop&quot;:&quot;yes&quot;,&quot;pause_on_hover&quot;:&quot;yes&quot;,&quot;pause_on_interaction&quot;:&quot;yes&quot;,&quot;space_between&quot;:{&quot;unit&quot;:&quot;px&quot;,&quot;size&quot;:10,&quot;sizes&quot;:[]},&quot;space_between_tablet&quot;:{&quot;unit&quot;:&quot;px&quot;,&quot;size&quot;:10,&quot;sizes&quot;:[]},&quot;space_between_mobile&quot;:{&quot;unit&quot;:&quot;px&quot;,&quot;size&quot;:10,&quot;sizes&quot;:[]}}\" data-widget_type=\"media-carousel.default\">\n\t\t\t\t<div class=\"elementor-widget-container\">\n\t\t\t\t\t<div class=\"elementor-swiper\">\n\t\t\t<div class=\"elementor-main-swiper swiper-container\">\n\t\t\t\t<div class=\"swiper-wrapper\">\n\t\t\t\t\t\t\t\t\t\t\t<div class=\"swiper-slide\">\n\t\t\t\t\t\t\t\t\t<div class=\"elementor-carousel-image\" style=\"background-image: url(https:\/\/www.rouesse-vasse.fr\/wp-content\/uploads\/2021\/10\/ecole.jpg)\">\n\t\t\t\t\t<\/div>\n\t\t\t\t\t\t\t\t<\/div>\n\t\t\t\t\t\t\t\t\t\t\t<div class=\"swiper-slide\">\n\t\t\t\t\t\t\t\t\t<div class=\"elementor-carousel-image\" style=\"background-image: url(https:\/\/www.rouesse-vasse.fr\/wp-content\/uploads\/2021\/10\/ecole-2.jpg)\">\n\t\t\t\t\t<\/div>\n\t\t\t\t\t\t\t\t<\/div>\n\t\t\t\t\t\t\t\t\t<\/div>\n\t\t\t\t\t\t\t\t\t\t\t\t\t\t\t\t\t\t\t\t<div class=\"elementor-swiper-button elementor-swiper-button-prev\">\n\t\t\t\t\t\t\t<i class=\"eicon-chevron-left\" aria-hidden=\"true\"><\/i>\n\t\t\t\t\t\t\t<span class=\"elementor-screen-only\">Previous<\/span>\n\t\t\t\t\t\t<\/div>\n\t\t\t\t\t\t<div class=\"elementor-swiper-button elementor-swiper-button-next\">\n\t\t\t\t\t\t\t<i class=\"eicon-chevron-right\" aria-hidden=\"true\"><\/i>\n\t\t\t\t\t\t\t<span class=\"elementor-screen-only\">Next<\/span>\n\t\t\t\t\t\t<\/div>\n\t\t\t\t\t\t\t\t\t\t\t\t<\/div>\n\t\t<\/div>\n\t\t\t\t<div class=\"elementor-swiper\">\n\t\t\t<div class=\"elementor-thumbnails-swiper swiper-container\">\n\t\t\t\t<div class=\"swiper-wrapper\">\n\t\t\t\t\t\t\t\t\t\t\t<div class=\"swiper-slide\">\n\t\t\t\t\t\t\t\t\t<div class=\"elementor-fit-aspect-ratio elementor-carousel-image\" style=\"background-image: url(https:\/\/www.rouesse-vasse.fr\/wp-content\/uploads\/2021\/10\/ecole.jpg)\">\n\t\t\t\t\t<\/div>\n\t\t\t\t\t\t\t\t<\/div>\n\t\t\t\t\t\t\t\t\t\t\t<div class=\"swiper-slide\">\n\t\t\t\t\t\t\t\t\t<div class=\"elementor-fit-aspect-ratio elementor-carousel-image\" style=\"background-image: url(https:\/\/www.rouesse-vasse.fr\/wp-content\/uploads\/2021\/10\/ecole-2.jpg)\">\n\t\t\t\t\t<\/div>\n\t\t\t\t\t\t\t\t<\/div>\n\t\t\t\t\t\t\t\t\t<\/div>\n\t\t\t\t\t\t\t\t\t\t\t\t\t\t\t\t\t\t\t\t\t<\/div>\n\t\t<\/div>\n\t\t\t\t<\/div>\n\t\t\t\t<\/div>\n\t\t\t\t\t\t<\/div>\n\t\t\t\t\t<\/div>\n\t\t<\/div>\n\t\t\t\t\t\t\t\t<\/div>\n\t\t\t\t\t<\/div>\n\t\t<\/section>\n\t\t\t\t<section class=\"elementor-section elementor-top-section elementor-element elementor-element-46dd800 elementor-section-boxed elementor-section-height-default elementor-section-height-default\" data-id=\"46dd800\" data-element_type=\"section\">\n\t\t\t\t\t\t<div class=\"elementor-container elementor-column-gap-default\">\n\t\t\t\t\t\t\t<div class=\"elementor-row\">\n\t\t\t\t\t<div class=\"elementor-column elementor-col-50 elementor-top-column elementor-element elementor-element-9691f32\" data-id=\"9691f32\" data-element_type=\"column\">\n\t\t\t<div class=\"elementor-column-wrap elementor-element-populated\">\n\t\t\t\t\t\t\t<div class=\"elementor-widget-wrap\">\n\t\t\t\t\t\t<div class=\"elementor-element elementor-element-1e24c9e elementor-widget elementor-widget-text-editor\" data-id=\"1e24c9e\" data-element_type=\"widget\" data-widget_type=\"text-editor.default\">\n\t\t\t\t<div class=\"elementor-widget-container\">\n\t\t\t\t\t<div class=\"elementor-text-editor elementor-clearfix\"><h3><strong>Ecole Publique Nicolas Grippon<\/strong><\/h3><h4>Directeur :<\/h4><p>Laurent HAMON<\/p><h5><span style=\"color: #17252a; font-size: 1.125em; font-weight: 600;\">Enseignants :<\/span><\/h5><p>Laurent HAMON (MS &#8211; CP)<\/p><p>David LECHAT (CM1-CM2)<\/p><p>Sophie BARRIER \u2013 d\u00e9charge de direction (Moyennes Sections &#8211; CP)<\/p><h4>Personnel encadrant :<\/h4><p>Ingrid ROSSIGNOL (ATSEM maternelle)<\/p><\/div>\n\t\t\t\t<\/div>\n\t\t\t\t<\/div>\n\t\t\t\t\t\t<\/div>\n\t\t\t\t\t<\/div>\n\t\t<\/div>\n\t\t\t\t<div class=\"elementor-column elementor-col-50 elementor-top-column elementor-element elementor-element-5b7a51a\" data-id=\"5b7a51a\" data-element_type=\"column\">\n\t\t\t<div class=\"elementor-column-wrap elementor-element-populated\">\n\t\t\t\t\t\t\t<div class=\"elementor-widget-wrap\">\n\t\t\t\t\t\t<div class=\"elementor-element elementor-element-88e24e7 elementor-widget elementor-widget-text-editor\" data-id=\"88e24e7\" data-element_type=\"widget\" data-widget_type=\"text-editor.default\">\n\t\t\t\t<div class=\"elementor-widget-container\">\n\t\t\t\t\t<div class=\"elementor-text-editor elementor-clearfix\"><h5>Horaires \u00e9cole<\/h5><p>Les enfants sont pr\u00e9sents \u00e0 l\u2019\u00e9cole 4 jours par semaine aux horaires suivants :<\/p><p>lundi : 8h45\u00a0 &#8211; 12h00 \/ 13h45 &#8211; 16h30<br \/>mardi : 8h45 &#8211; 12h00 \/ 13h45 &#8211; 16h30<br \/>jeudi : 8h45 &#8211; 12h00 \/ 13h45 &#8211; 16h30<br \/>vendredi : 8h45 &#8211; 12h00 \/ 13h45 &#8211; 16h30<\/p><\/div>\n\t\t\t\t<\/div>\n\t\t\t\t<\/div>\n\t\t\t\t<div class=\"elementor-element elementor-element-14d81b4 elementor-button-warning elementor-align-left elementor-widget elementor-widget-button\" data-id=\"14d81b4\" data-element_type=\"widget\" data-widget_type=\"button.default\">\n\t\t\t\t<div class=\"elementor-widget-container\">\n\t\t\t\t\t<div class=\"elementor-button-wrapper\">\n\t\t\t<a href=\"https:\/\/www.rouesse-vasse.fr\/index.php\/home-2\/\" class=\"elementor-button-link elementor-button elementor-size-md\" role=\"button\">\n\t\t\t\t\t\t<span class=\"elementor-button-content-wrapper\">\n\t\t\t\t\t\t<span class=\"elementor-button-icon elementor-align-icon-left\">\n\t\t\t\t<i aria-hidden=\"true\" class=\"fas fa-utensils\"><\/i>\t\t\t<\/span>\n\t\t\t\t\t\t<span class=\"elementor-button-text\">Menu de la cantine scolaire<\/span>\n\t\t<\/span>\n\t\t\t\t\t<\/a>\n\t\t<\/div>\n\t\t\t\t<\/div>\n\t\t\t\t<\/div>\n\t\t\t\t\t\t<\/div>\n\t\t\t\t\t<\/div>\n\t\t<\/div>\n\t\t\t\t\t\t\t\t<\/div>\n\t\t\t\t\t<\/div>\n\t\t<\/section>\n\t\t\t\t<section class=\"elementor-section elementor-top-section elementor-element elementor-element-921cb2f elementor-section-boxed elementor-section-height-default elementor-section-height-default\" data-id=\"921cb2f\" data-element_type=\"section\">\n\t\t\t\t\t\t<div class=\"elementor-container elementor-column-gap-default\">\n\t\t\t\t\t\t\t<div class=\"elementor-row\">\n\t\t\t\t\t<div class=\"elementor-column elementor-col-50 elementor-top-column elementor-element elementor-element-0c5fd00\" data-id=\"0c5fd00\" data-element_type=\"column\">\n\t\t\t<div class=\"elementor-column-wrap elementor-element-populated\">\n\t\t\t\t\t\t\t<div class=\"elementor-widget-wrap\">\n\t\t\t\t\t\t<div class=\"elementor-element elementor-element-5b502a5 elementor-widget elementor-widget-text-editor\" data-id=\"5b502a5\" data-element_type=\"widget\" data-widget_type=\"text-editor.default\">\n\t\t\t\t<div class=\"elementor-widget-container\">\n\t\t\t\t\t<div class=\"elementor-text-editor elementor-clearfix\"><h3><strong>Ecole Primaire Publique de Parennes :<\/strong><\/h3><h4><strong>Directrice :<\/strong><\/h4><p>Marie CARMONA<\/p><h4><strong>Enseignantes<\/strong> :\u00a0<\/h4><p>Christelle AGESNE (PS &#8211; GS)<\/p><p>Marie CARMONA (CE1 &#8211; CE2)<\/p><p>Sophie BARRIER, d\u00e9charge de direction (CP-CE1)<\/p><h4>Horaires de l&rsquo;\u00e9cole de Parennes : lundi, mardi, jeudi et vendredi :<\/h4><p>Les enfants sont pr\u00e9sents \u00e0 l\u2019\u00e9cole 4 jours par semaine aux horaires suivants :<\/p><p>lundi, mardi, jeudi et vendredi : 8h45\u00a0 \u2013 12h00 \/ 13h45 \u2013 16h30<\/p><\/div>\n\t\t\t\t<\/div>\n\t\t\t\t<\/div>\n\t\t\t\t\t\t<\/div>\n\t\t\t\t\t<\/div>\n\t\t<\/div>\n\t\t\t\t<div class=\"elementor-column elementor-col-50 elementor-top-column elementor-element elementor-element-cb21b8a\" data-id=\"cb21b8a\" data-element_type=\"column\">\n\t\t\t<div class=\"elementor-column-wrap elementor-element-populated\">\n\t\t\t\t\t\t\t<div class=\"elementor-widget-wrap\">\n\t\t\t\t\t\t<div class=\"elementor-element elementor-element-841d489 elementor-widget elementor-widget-text-editor\" data-id=\"841d489\" data-element_type=\"widget\" data-widget_type=\"text-editor.default\">\n\t\t\t\t<div class=\"elementor-widget-container\">\n\t\t\t\t\t<div class=\"elementor-text-editor elementor-clearfix\"><h4><strong>INSCRIPTION DES \u00c9L\u00c8VES<\/strong> :\u00a0 extrait du r\u00e8glement int\u00e9rieur :<\/h4><div><p style=\"text-align: left;\">\u00ab\u00a0L\u2019inscription d\u2019un enfant se fait sur pr\u00e9sentation du livret de famille et du carnet de sant\u00e9. L\u2019inscription se fait \u00e0 l\u2019\u00e9cole qui accueillera l\u2019\u00e9l\u00e8ve. Mais au pr\u00e9alable, les familles doivent se pr\u00e9senter en mairie afin de justifier leur domiciliation sur une des communes du RPI ou pour demander une d\u00e9rogation. La mairie d\u2019accueil doit donner son accord \u00e0 la directrice ou au directeur qui proc\u00e9dera alors \u00e0 l\u2019inscription.Pour les enfants d\u00e9j\u00e0 scolaris\u00e9s, il faut \u00e9galement fournir le certificat de radiation de l\u2019\u00e9cole pr\u00e9c\u00e9demment fr\u00e9quent\u00e9e.\u00a0\u00bb<\/p><\/div><\/div>\n\t\t\t\t<\/div>\n\t\t\t\t<\/div>\n\t\t\t\t\t\t<\/div>\n\t\t\t\t\t<\/div>\n\t\t<\/div>\n\t\t\t\t\t\t\t\t<\/div>\n\t\t\t\t\t<\/div>\n\t\t<\/section>\n\t\t\t\t<section class=\"elementor-section elementor-top-section elementor-element elementor-element-0f8dbff elementor-section-boxed elementor-section-height-default elementor-section-height-default\" data-id=\"0f8dbff\" data-element_type=\"section\">\n\t\t\t\t\t\t<div class=\"elementor-container elementor-column-gap-default\">\n\t\t\t\t\t\t\t<div class=\"elementor-row\">\n\t\t\t\t\t<div class=\"elementor-column elementor-col-100 elementor-top-column elementor-element elementor-element-47e140b\" data-id=\"47e140b\" data-element_type=\"column\">\n\t\t\t<div class=\"elementor-column-wrap elementor-element-populated\">\n\t\t\t\t\t\t\t<div class=\"elementor-widget-wrap\">\n\t\t\t\t\t\t<div class=\"elementor-element elementor-element-3bafa5c elementor-widget elementor-widget-heading\" data-id=\"3bafa5c\" data-element_type=\"widget\" data-widget_type=\"heading.default\">\n\t\t\t\t<div class=\"elementor-widget-container\">\n\t\t\t<h3 class=\"elementor-heading-title elementor-size-default\">Le p\u00e9riscolaire<\/h3>\t\t<\/div>\n\t\t\t\t<\/div>\n\t\t\t\t<section class=\"elementor-section elementor-inner-section elementor-element elementor-element-6ab2ec4 elementor-section-boxed elementor-section-height-default elementor-section-height-default\" data-id=\"6ab2ec4\" data-element_type=\"section\">\n\t\t\t\t\t\t<div class=\"elementor-container elementor-column-gap-default\">\n\t\t\t\t\t\t\t<div class=\"elementor-row\">\n\t\t\t\t\t<div class=\"elementor-column elementor-col-50 elementor-inner-column elementor-element elementor-element-cc6daa2\" data-id=\"cc6daa2\" data-element_type=\"column\">\n\t\t\t<div class=\"elementor-column-wrap elementor-element-populated\">\n\t\t\t\t\t\t\t<div class=\"elementor-widget-wrap\">\n\t\t\t\t\t\t<div class=\"elementor-element elementor-element-5ac8228 elementor-widget elementor-widget-image\" data-id=\"5ac8228\" data-element_type=\"widget\" data-widget_type=\"image.default\">\n\t\t\t\t<div class=\"elementor-widget-container\">\n\t\t\t\t\t<div class=\"elementor-image\">\n\t\t\t\t\t\t\t\t\t\t<img loading=\"lazy\" decoding=\"async\" width=\"800\" height=\"600\" src=\"https:\/\/www.rouesse-vasse.fr\/wp-content\/uploads\/2021\/09\/garderie.jpg\" class=\"attachment-large size-large\" alt=\"\" srcset=\"https:\/\/www.rouesse-vasse.fr\/wp-content\/uploads\/2021\/09\/garderie.jpg 800w, https:\/\/www.rouesse-vasse.fr\/wp-content\/uploads\/2021\/09\/garderie-300x225.jpg 300w, https:\/\/www.rouesse-vasse.fr\/wp-content\/uploads\/2021\/09\/garderie-768x576.jpg 768w\" sizes=\"auto, (max-width: 800px) 100vw, 800px\" \/>\t\t\t\t\t\t\t\t\t\t\t<\/div>\n\t\t\t\t<\/div>\n\t\t\t\t<\/div>\n\t\t\t\t\t\t<\/div>\n\t\t\t\t\t<\/div>\n\t\t<\/div>\n\t\t\t\t<div class=\"elementor-column elementor-col-50 elementor-inner-column elementor-element elementor-element-55216e9\" data-id=\"55216e9\" data-element_type=\"column\">\n\t\t\t<div class=\"elementor-column-wrap elementor-element-populated\">\n\t\t\t\t\t\t\t<div class=\"elementor-widget-wrap\">\n\t\t\t\t\t\t<div class=\"elementor-element elementor-element-9045537 elementor-widget elementor-widget-text-editor\" data-id=\"9045537\" data-element_type=\"widget\" data-widget_type=\"text-editor.default\">\n\t\t\t\t<div class=\"elementor-widget-container\">\n\t\t\t\t\t<div class=\"elementor-text-editor elementor-clearfix\"><p>Les enfants peuvent \u00eatre accueillis \u00e0 la garderie tous les jours de la semaine dans un b\u00e2timent jouxtant l\u2019\u00e9cole.<\/p><p style=\"text-align: left;\"><strong>Horaires :\u00a0<\/strong> 7h30 \u2013 8h30 \/ 16h30 \u2013 18h30<\/p><p style=\"text-align: left;\"><strong>Tarifs :<\/strong> 30ct par demi-heure de pr\u00e9sence.<\/p><p style=\"text-align: left;\"><strong>Responsable : Ingrid ROSSIGNOL<\/strong><\/p><p style=\"text-align: left;\">\u00a0<\/p><\/div>\n\t\t\t\t<\/div>\n\t\t\t\t<\/div>\n\t\t\t\t<div class=\"elementor-element elementor-element-cb096d2 elementor-button-warning elementor-align-left elementor-widget elementor-widget-button\" data-id=\"cb096d2\" data-element_type=\"widget\" data-widget_type=\"button.default\">\n\t\t\t\t<div class=\"elementor-widget-container\">\n\t\t\t\t\t<div class=\"elementor-button-wrapper\">\n\t\t\t<a href=\"https:\/\/www.rouesse-vasse.fr\/wp-content\/uploads\/2024\/11\/2024-2025-Garderie-reglement-interieur.pdf\" target=\"_blank\" class=\"elementor-button-link elementor-button elementor-size-md\" role=\"button\">\n\t\t\t\t\t\t<span class=\"elementor-button-content-wrapper\">\n\t\t\t\t\t\t<span class=\"elementor-button-icon elementor-align-icon-left\">\n\t\t\t\t<i aria-hidden=\"true\" class=\"far fa-file-pdf\"><\/i>\t\t\t<\/span>\n\t\t\t\t\t\t<span class=\"elementor-button-text\">R\u00e9glement p\u00e9riscolaire 2024\/25<\/span>\n\t\t<\/span>\n\t\t\t\t\t<\/a>\n\t\t<\/div>\n\t\t\t\t<\/div>\n\t\t\t\t<\/div>\n\t\t\t\t\t\t<\/div>\n\t\t\t\t\t<\/div>\n\t\t<\/div>\n\t\t\t\t\t\t\t\t<\/div>\n\t\t\t\t\t<\/div>\n\t\t<\/section>\n\t\t\t\t<div class=\"elementor-element elementor-element-2458472 elementor-widget elementor-widget-spacer\" data-id=\"2458472\" data-element_type=\"widget\" data-widget_type=\"spacer.default\">\n\t\t\t\t<div class=\"elementor-widget-container\">\n\t\t\t\t\t<div class=\"elementor-spacer\">\n\t\t\t<div class=\"elementor-spacer-inner\"><\/div>\n\t\t<\/div>\n\t\t\t\t<\/div>\n\t\t\t\t<\/div>\n\t\t\t\t<div class=\"elementor-element elementor-element-d1a476b elementor-widget elementor-widget-heading\" data-id=\"d1a476b\" data-element_type=\"widget\" data-widget_type=\"heading.default\">\n\t\t\t\t<div class=\"elementor-widget-container\">\n\t\t\t<h3 class=\"elementor-heading-title elementor-size-default\">Centre de loisirs<\/h3>\t\t<\/div>\n\t\t\t\t<\/div>\n\t\t\t\t<section class=\"elementor-section elementor-inner-section elementor-element elementor-element-d1875c7 elementor-section-boxed elementor-section-height-default elementor-section-height-default\" data-id=\"d1875c7\" data-element_type=\"section\">\n\t\t\t\t\t\t<div class=\"elementor-container elementor-column-gap-default\">\n\t\t\t\t\t\t\t<div class=\"elementor-row\">\n\t\t\t\t\t<div class=\"elementor-column elementor-col-33 elementor-inner-column elementor-element elementor-element-06e3a6b\" data-id=\"06e3a6b\" data-element_type=\"column\">\n\t\t\t<div class=\"elementor-column-wrap elementor-element-populated\">\n\t\t\t\t\t\t\t<div class=\"elementor-widget-wrap\">\n\t\t\t\t\t\t<div class=\"elementor-element elementor-element-eebce50 elementor-widget elementor-widget-image\" data-id=\"eebce50\" data-element_type=\"widget\" data-widget_type=\"image.default\">\n\t\t\t\t<div class=\"elementor-widget-container\">\n\t\t\t\t\t<div class=\"elementor-image\">\n\t\t\t\t\t\t\t\t\t\t<img loading=\"lazy\" decoding=\"async\" width=\"800\" height=\"600\" src=\"https:\/\/www.rouesse-vasse.fr\/wp-content\/uploads\/2021\/09\/garderie.jpg\" class=\"attachment-large size-large\" alt=\"\" srcset=\"https:\/\/www.rouesse-vasse.fr\/wp-content\/uploads\/2021\/09\/garderie.jpg 800w, https:\/\/www.rouesse-vasse.fr\/wp-content\/uploads\/2021\/09\/garderie-300x225.jpg 300w, https:\/\/www.rouesse-vasse.fr\/wp-content\/uploads\/2021\/09\/garderie-768x576.jpg 768w\" sizes=\"auto, (max-width: 800px) 100vw, 800px\" \/>\t\t\t\t\t\t\t\t\t\t\t<\/div>\n\t\t\t\t<\/div>\n\t\t\t\t<\/div>\n\t\t\t\t\t\t<\/div>\n\t\t\t\t\t<\/div>\n\t\t<\/div>\n\t\t\t\t<div class=\"elementor-column elementor-col-33 elementor-inner-column elementor-element elementor-element-838954c\" data-id=\"838954c\" data-element_type=\"column\">\n\t\t\t<div class=\"elementor-column-wrap elementor-element-populated\">\n\t\t\t\t\t\t\t<div class=\"elementor-widget-wrap\">\n\t\t\t\t\t\t<div class=\"elementor-element elementor-element-177d7ab elementor-widget elementor-widget-text-editor\" data-id=\"177d7ab\" data-element_type=\"widget\" data-widget_type=\"text-editor.default\">\n\t\t\t\t<div class=\"elementor-widget-container\">\n\t\t\t\t\t<div class=\"elementor-text-editor elementor-clearfix\"><h6 style=\"text-align: left;\">Mercredis loisirs<\/h6><p>Pendant la p\u00e9riode scolaire, les enfants sont accueillis les mercredis. Sur inscription, ils peuvent prendre le repas fourni par les parents<strong>.<br \/><\/strong><\/p><p><strong>Horaires<\/strong> : Les enfants sont accueillis \u00e0 la journ\u00e9e compl\u00e8te ( 07h30-17h15 ) ou \u00e0 la demi journ\u00e9e ( 07h30 -12h ou 13h30 &#8211; 17h15 ).<\/p><p><strong>Tarifs demi journ\u00e9e :<\/strong> 1 enfant : 4,10\u20ac \/ 2 enfants : 7,18\u20ac \/ 3 enfants et plus : 9,23\u20ac.<\/p><p><strong>Tarifs journ\u00e9e compl\u00e8te<\/strong> : 1 enfant : 8,20\u20ac \/ 2 enfants : 14,36\u20ac \/ 3 enfants et plus : 18,46\u20ac.<\/p><\/div>\n\t\t\t\t<\/div>\n\t\t\t\t<\/div>\n\t\t\t\t<div class=\"elementor-element elementor-element-b5bb334 elementor-button-warning elementor-align-left elementor-widget elementor-widget-button\" data-id=\"b5bb334\" data-element_type=\"widget\" data-widget_type=\"button.default\">\n\t\t\t\t<div class=\"elementor-widget-container\">\n\t\t\t\t\t<div class=\"elementor-button-wrapper\">\n\t\t\t<a href=\"https:\/\/www.rouesse-vasse.fr\/wp-content\/uploads\/2024\/02\/Reglements-mercredi-loisir2023-2024-pdf-300x212.jpg\" target=\"_blank\" class=\"elementor-button-link elementor-button elementor-size-md\" role=\"button\">\n\t\t\t\t\t\t<span class=\"elementor-button-content-wrapper\">\n\t\t\t\t\t\t<span class=\"elementor-button-icon elementor-align-icon-left\">\n\t\t\t\t<i aria-hidden=\"true\" class=\"far fa-file-pdf\"><\/i>\t\t\t<\/span>\n\t\t\t\t\t\t<span class=\"elementor-button-text\">R\u00e8glement mercredi loisir 2023\/24<\/span>\n\t\t<\/span>\n\t\t\t\t\t<\/a>\n\t\t<\/div>\n\t\t\t\t<\/div>\n\t\t\t\t<\/div>\n\t\t\t\t\t\t<\/div>\n\t\t\t\t\t<\/div>\n\t\t<\/div>\n\t\t\t\t<div class=\"elementor-column elementor-col-33 elementor-inner-column elementor-element elementor-element-9e0214b\" data-id=\"9e0214b\" data-element_type=\"column\">\n\t\t\t<div class=\"elementor-column-wrap\">\n\t\t\t\t\t\t\t<div class=\"elementor-widget-wrap\">\n\t\t\t\t\t\t\t\t<\/div>\n\t\t\t\t\t<\/div>\n\t\t<\/div>\n\t\t\t\t\t\t\t\t<\/div>\n\t\t\t\t\t<\/div>\n\t\t<\/section>\n\t\t\t\t\t\t<\/div>\n\t\t\t\t\t<\/div>\n\t\t<\/div>\n\t\t\t\t\t\t\t\t<\/div>\n\t\t\t\t\t<\/div>\n\t\t<\/section>\n\t\t\t\t\t\t<\/div>\n\t\t\t\t\t\t<\/div>\n\t\t\t\t\t<\/div>\n\t\t","protected":false},"excerpt":{"rendered":"<p>Enfance et Jeunesse L&rsquo;\u00e9cole Situ\u00e9e 8, Chemin de l\u2019\u00e9cole, elle doit son nom \u00e0 M. Grippon ancien maire de Rouess\u00e9-Vass\u00e9 qui d\u00e9cida en 1833 d\u2019acheter les b\u00e2timents pour en faire l\u2019\u00e9cole communale. L\u2019\u00e9cole publique de Rouess\u00e9-Vass\u00e9 accueille 31 enfants r\u00e9partis dans 2 classes. Pour cette ann\u00e9e scolaire 2025-2026, l\u2019\u00e9cole accueille les\u00a0Moyennes Sections &#8211; CP\u00a0et les\u00a0CM1 [&hellip;]<\/p>\n","protected":false},"author":1,"featured_media":0,"parent":0,"menu_order":0,"comment_status":"closed","ping_status":"closed","template":"","meta":{"_uag_custom_page_level_css":"","footnotes":""},"class_list":["post-1462","page","type-page","status-publish","hentry"],"uagb_featured_image_src":{"full":false,"thumbnail":false,"medium":false,"medium_large":false,"large":false,"thumblist":false,"meccarouselthumb":false,"gridsquare":false,"tileview":false,"1536x1536":false,"2048x2048":false},"uagb_author_info":{"display_name":"Mairie","author_link":"https:\/\/www.rouesse-vasse.fr\/index.php\/author\/admin9164\/"},"uagb_comment_info":0,"uagb_excerpt":"Enfance et Jeunesse L&rsquo;\u00e9cole Situ\u00e9e 8, Chemin de l\u2019\u00e9cole, elle doit son nom \u00e0 M. Grippon ancien maire de Rouess\u00e9-Vass\u00e9 qui d\u00e9cida en 1833 d\u2019acheter les b\u00e2timents pour en faire l\u2019\u00e9cole communale. L\u2019\u00e9cole publique de Rouess\u00e9-Vass\u00e9 accueille 31 enfants r\u00e9partis dans 2 classes. Pour cette ann\u00e9e scolaire 2025-2026, l\u2019\u00e9cole accueille les\u00a0Moyennes Sections &#8211; CP\u00a0et les\u00a0CM1\u2026","_links":{"self":[{"href":"https:\/\/www.rouesse-vasse.fr\/index.php\/wp-json\/wp\/v2\/pages\/1462","targetHints":{"allow":["GET"]}}],"collection":[{"href":"https:\/\/www.rouesse-vasse.fr\/index.php\/wp-json\/wp\/v2\/pages"}],"about":[{"href":"https:\/\/www.rouesse-vasse.fr\/index.php\/wp-json\/wp\/v2\/types\/page"}],"author":[{"embeddable":true,"href":"https:\/\/www.rouesse-vasse.fr\/index.php\/wp-json\/wp\/v2\/users\/1"}],"replies":[{"embeddable":true,"href":"https:\/\/www.rouesse-vasse.fr\/index.php\/wp-json\/wp\/v2\/comments?post=1462"}],"version-history":[{"count":61,"href":"https:\/\/www.rouesse-vasse.fr\/index.php\/wp-json\/wp\/v2\/pages\/1462\/revisions"}],"predecessor-version":[{"id":3374,"href":"https:\/\/www.rouesse-vasse.fr\/index.php\/wp-json\/wp\/v2\/pages\/1462\/revisions\/3374"}],"wp:attachment":[{"href":"https:\/\/www.rouesse-vasse.fr\/index.php\/wp-json\/wp\/v2\/media?parent=1462"}],"curies":[{"name":"wp","href":"https:\/\/api.w.org\/{rel}","templated":true}]}}